+ 32/o?
6
Let x be (-9)/(-45) - ((-431)/(-5) + -1). What is the units digit of (-1 + 6)*(-2686)/x?
8
Suppose 7*g - 2 = 5. What is the tens digit of (-1 - (4 - g) - 2)*-9?
5
Let j(w) = -w - 11. Let v(f) = -2*f - 12. Let m(u) = -3*j(u) + 2*v(u). Let g be m(16). Let k(s) = -s + 3. What is the units digit of k(g)?
0
Suppose 3*p + 2*p + a = 29, 0 = 4*p + 4*a - 20. Let h(z) = -z**3 + 6*z**2 + 7*z + 6. What is the units digit of h(p)?
8
Let v be 65/10*6*2. Suppose v = -0*w + w. What is the units digit of w?
8
Let i(l) = -l + 19. What is the units digit of i(16)?
3
Suppose -m + 448 + 106 = 3*h, h + 2*m - 178 = 0. What is the units digit of h?
6
Let a(s) be the second derivative of s**4/6 - s**3/6 + 7*s**2/2 - 2*s. Suppose -9*t + 2*t - 28 = 0. What is the units digit of a(t)?
3
Let x be (-2)/(-6) + 4/6. Let l be 9/(-9)*(49 + x). What is the units digit of l/1*6/(-12)?
5
Let x = 26 + -21. Suppose -4*y + x*s + 154 + 230 = 0, s = -y + 96. Suppose -3*d = 2*h - y, -3*d + d - 3*h + 69 = 0. What is the tens digit of d?
3
Let n(w) = w**3 + 12*w**2 + 7*w + 2. What is the tens digit of n(-10)?
3
What is the thousands digit of 191/(((-8)/(-20))/(42/15))?
1
Suppose -10*z - 328 = -1028. Let o = z + -57. What is the tens digit of o?
1
Let y = 7 - 3. Let a(c) = 6 - c**3 + 7*c**2 + 12*c + 4*c + 4 - 23*c. What is the tens digit of a(y)?
3
Suppose 21 = 7*i - 0*i. Let v(b) = b**3 + 5*b**2 + 2. Let r be v(-5). Suppose i*y + 0*y = 4*p + 73, -r*p + 11 = y. What is the tens digit of y?
1
Let k(n) = -14*n**2 + 7*n + 28. Let b be k(-3). Let p = -101 - b. What is the tens digit of p?
1
Let v be (63/(-15))/(3/(-75)). Suppose -2*c + 0*c + 5*y = 42, 5*c = -4*y - v. Let t = c - -30. What is the units digit of t?
9
Let b = 2260 + -1564. Suppose -s + j + 24 + 147 = 0, -j - b = -4*s. What is the units digit of s?
5
Suppose 3*n - 30 = -3*t - 0, 0 = t + 2*n - 14. Let k(z) = 2*z**3 - 9*z**2 - z + 8. What is the hundreds digit of k(t)?
1
Let c(p) = 2*p**2 + 2*p - 4. Let l be c(-3). Let i(j) = 4*j + 7*j**2 - 5*j**2 + 0*j**2 + j**3 + l*j**2 - 8. What is the units digit of i(-9)?
7
Suppose -3*c - 92 = 2*o, 3*c - 32 = 5*o + 156. What is the tens digit of ((-1090)/o)/(2/8)?
0
Let p be -1*1/4*0. Suppose p*h + 2*h - 66 = 0. Suppose 0 = -k + 11 + h. What is the tens digit of k?
4
Suppose v + 0*v + 2 = 0, 2*s + v = 10. Suppose 488 = -2*c + s*c. What is the tens digit of c?
2
Suppose -3*s + 2*s + 17 = 0. Suppose -i + s = 2*x, 3*x - 73 = -4*i - 0*i. What is the units digit of i?
9
Let f(p) = p**2 - 6*p. Let w be f(6). Suppose -b - 17 + 53 = w. What is the units digit of b?
6
Let g be 28 + -3 - (-1 + 0). Suppose 0 = -k + 9 + g. Suppose -4*f = -3*z + 41, 3*z - 30 - k = -2*f. What is the tens digit of z?
1
Let q(p) = p**3 - 4*p**2 + 3*p - 8. Let t be q(4). Suppose 0*i + i = f + 129, -t*f + 645 = 5*i. What is the tens digit of i?
2
Let s be (-4)/(-6)*(-1230)/(-4). Suppose -f - 79 = -s. What is the units digit of f?
6
Let o(f) = 4*f**3 - 12*f**2 + 4*f + 25. Let v(m) = -m**3 - m**2 - m. Let i(p) = o(p) + 5*v(p). What is the tens digit of i(-17)?
4
Let y be (0/9)/(-1*3). Suppose -3*o + 7*o - 40 = y. Let f = o + 2. What is the tens digit of f?
1
Let b(w) = -w**3 + 5*w**2 + 11. Let k be b(5). Let z = 30 + k. What is the units digit of z?
1
Suppose 5*v - 6616 = -4*p - 0*v, -3308 = -2*p - 3*v. What is the thousands digit of p?
1
Let r(f) = f + 12. Let b be r(-11). Let v(k) = -4 + 5*k - 4*k + 0 + b. What is the units digit of v(6)?
3
Let u(x) = x**3 + 2*x**2 + 6*x + 6. Let o be u(-2). What is the units digit of ((-39)/6 - o) + 133/2?
6
Suppose 1192 + 392 = 4*d. What is the tens digit of d?
9
Suppose 16*z - 19*z - 18 = 0. What is the hundreds digit of (-135)/12*(172/z + 2)?
3
Let n = 84 - 26. Suppose -n = 4*c - t - 554, 0 = -4*t + 16. Let x = c + -63. What is the tens digit of x?
6
Let h = 1679 + -771. What is the tens digit of h?
0
Suppose -2*r - 1140 = 3*b, -2*b - 3*b = 3*r + 1899. What is the units digit of ((-20)/6)/(18/b)?
0
Suppose -9 = 9*n - 6*n. Let o(g) = 16*g**2 + 3*g - 2. What is the hundreds digit of o(n)?
1
Suppose k = -23 + 105. Suppose 0 = -a + 3*v + k, -a + 5*a - 5*v - 342 = 0. What is the tens digit of a?
8
Let m(c) = -584*c - 153. What is the units digit of m(-2)?
5
Let j(g) = g**3 + 12*g**2 - 7*g + 2. Suppose 0 = -r + 4*o - 3*o - 8, 2*o + 44 = -3*r. Let z be j(r). Let f = 146 - z. What is the tens digit of f?
6
Suppose 4*i + 2*i = 24. Let f be 723/15 + i/(-20). Let r = -29 + f. What is the tens digit of r?
1
Suppose n - 541 = -2*j, -5*n + 11*j - 10*j + 2661 = 0. What is the hundreds digit of n?
5
Let k(f) = f**2 + 8*f + 13. Let a be k(-7). What is the tens digit of 1260/(-24)*(-8)/a?
7
Let w(i) = -70*i + 829. What is the tens digit of w(-62)?
6
Let i(o) = -o**3 - 14*o**2 - 33*o + 18. What is the tens digit of i(-13)?
7
Suppose -5*u + 5 - 30 = 0, -2*u + 14650 = 4*o. What is the hundreds digit of o?
6
Suppose -j = -2*x - 1235, 14*j = 15*j - 3*x - 1236. What is the thousands digit of j?
1
Let d be 12/(-8)*188/(-6). Suppose -m = 4, -5*r - m + d = -49. What is the units digit of r?
0
Suppose -3*d - 3*g + 39 = 0, 3*d + 3*g = -2*g + 41. Let h be 33/18 + 2/d. Suppose -4 = -2*q, 142 = 2*t + h*t + q. What is the units digit of t?
5
Suppose -g + 2 = 8. Let o be 2/g - (-354)/(-18). What is the units digit of -10*o/(-16)*-2?
5
What is the tens digit of (-12 - -11)/(-3 - (-2831)/944)?
4
What is the hundreds digit of 4/((-342)/(-334) + -1)?
1
Let k be (-5)/6 + 2/(-12). Let m = 1 - k. Suppose 0 = 4*r - 3*p - 14 - 10, -30 = -m*r - 3*p. What is the units digit of r?
9
Let i be ((-18)/(-8))/(1/20). Suppose 4*k = 47 + i. What is the units digit of k?
3
Let b = -26 + 31. Suppose 0 = -2*q - b*j - 4, 4*q = -3*j + 1 + 5. Suppose 4*k - 265 = -d, -q*k - 27 + 216 = 4*d. What is the tens digit of k?
6
Suppose -5*b = 35 - 125. What is the hundreds digit of (b + -19)*1*23*-5?
1
Suppose 25420 = 7*u - 4484. What is the tens digit of u?
7
Let c(t) = 289*t**2 + 18*t + 40. What is the tens digit of c(-2)?
6
Let s = -6586 + 9379. What is the thousands digit of s?
2
Suppose -11 = -23*c + 3393. What is the tens digit of c?
4
Suppose 0*p + 35 = -7*p. What is the units digit of 435/2*(-4)/p + -1?
3
Suppose -4*z - 280 = -4*d, 3*z + 2*d - 21 = -231. Let g be 2 - (-4)/(16/404). Let y = z + g. What is the units digit of y?
3
Suppose 87 - 27 = -5*g. Let h = -3 + 46. Let y = h + g. What is the tens digit of y?
3
What is the tens digit of 9771/(-2)*(-74)/111?
5
Let j(t) = 3*t + 2 + 2*t - 3 - 10*t. What is the tens digit of j(-11)?
5
Suppose 16 = 3*c - 5*k, -13 = 4*k - 5. Suppose v + c*x = 54, -3*v - 2*x - 32 = -174. What is the units digit of v?
4
Let c = 68 + 66. Let y be 4 - 3/(-6)*c. Let s = y + -32. What is the units digit of s?
9
Let p be (-28 - 6)/((-2)/7). Suppose 3*s = p + 130. Suppose 19 - s = -2*l. What is the tens digit of l?
3
Suppose -5*x = -x - 144. Let b = x - -160. What is the units digit of b?
6
Let q(f) = -f**2 - 11*f + 10. Let k be q(-12). Let i = 6 + k. Suppose -5*m = -i*r + 201, m + m = 4*r - 198. What is the units digit of r?
9
Suppose -11*n - 3590 = -20739. What is the units digit of n?
9
Suppose 0 = -5*t + 5 + 5. Suppose 0 = -0*g - t*g - 142. Let o = g + 122. What is the tens digit of o?
5
Suppose -3*t - p + 53 - 178 = 0, 135 = -3*t - 3*p. Let z = 192 + t. What is the units digit of z?
2
Suppose -4*b = -4*v - 3*b + 82, -2*b = 3*v - 56. Suppose 5*t + v = 160. What is the units digit of t?
8
Suppose 22*f = 16*f + 12. Suppose -756 = -2*o - f*o. What is the units digit of o?
9
What is the units digit of 1 - -1007 - (-369)/(-41)?
9
Let y(j) = -54*j - 281. What is the hundreds digit of y(-13)?
4
Let u(c) = -4 + 7*c**2 - 1 - 9 - 2*c + 12. Let f be 3*(-4)/(-6) - 4. What is the units digit of u(f)?
0
Let q(b) = 1086*b - 51. What is the hundreds digit of q(2)?
1
Let i(f) = -f**2 + f + 84. Let o be (-3)/18 - (-3)/(-18)*-1. What is the units digit of i(o)?
4
Let w = 13 + -2. Let h = 16 - w. Suppose 2*d = z + 15, 0 = -3*d + 6*z - h*z + 20. What is the units digit of d?
5
What is the units digit of ((-181)/(-2))/(9/54)?
3
Let b = 102 + -61. Let q = b - -35. What is the units digit of q?
6
Suppose i + 0*i = 0. Suppose i*h + 3*h = 126. What is the units digit of h?
2
What is the tens digit of 294 - 0*((-15)/(-6) + -2)?
9
Let i